10452?
False
Is 2 a factor of 1474?
True
Is 243907 a multiple of 191?
True
Does 216 divide 290091?
False
Is 655506 a multiple of 199?
True
Is 97 a factor of 163445?
True
Is 147 a factor of 8161146?
True
Does 5 divide 59947?
False
Does 8 divide 57800?
True
Does 375 divide 1259250?
True
Is 186 a factor of 256774?
False
Does 12 divide 3239258?
False
Does 3 divide 578301?
True
Does 9 divide 2175480?
True
Is 23 a factor of 6537674?
False
Is 1085280 a multiple of 420?
True
Does 496 divide 5464899?
False
Does 109 divide 272450?
False
Does 17 divide 1189161?
False
Does 3 divide 140511?
True
Does 280 divide 3050580?
False
Is 236891 a multiple of 60?
False
Does 79 divide 304886?
False
Is 9 a factor of 330482?
False
Does 6 divide 62759?
False
Does 259 divide 5180?
True
Does 9 divide 1477080?
True
Is 22 a factor of 670142?
True
Is 49 a factor of 65513?
True
Does 85 divide 551019?
False
Is 19 a factor of 76190?
True
Is 42588 a multiple of 13?
True
Is 568275 a multiple of 15?
True
Is 11 a factor of 4345506?
True
Does 14 divide 108570?
True
Is 11 a factor of 16290?
False
Is 18 a factor of 5310324?
True
Is 899976 a multiple of 7?
True
Does 47 divide 23534?
False
Is 184916 a multiple of 22?
False
Does 28 divide 59746?
False
Is 177101 a multiple of 449?
False
Is 13 a factor of 11241476?
False
Is 265 a factor of 2107545?
True
Does 23 divide 932742?
True
Does 211 divide 519799?
False
Does 3 divide 11747?
False
Is 948056 a multiple of 17?
True
Does 3 divide 879921?
True
Is 462 a factor of 633402?
True
Is 19 a factor of 3060094?
False
Is 82 a factor of 97342?
False
Is 18 a factor of 19285?
False
Is 11079261 a multiple of 69?
True
Is 10 a factor of 3141968?
False
Is 17 a factor of 373994?
False
Is 189 a factor of 1992047?
False
Does 212 divide 1215820?
True
Does 130 divide 270202?
False
Is 8 a factor of 62432?
True
Does 433 divide 10476002?
True
Does 9 divide 453663?
True
Is 110874 a multiple of 9?
False
Is 8634204 a multiple of 373?
True
Is 66 a factor of 265339?
False
Does 35 divide 222841?
False
Does 25 divide 247425?
True
Does 21 divide 1929018?
True
Does 10 divide 175818?
False
Does 4 divide 108652?
True
Is 166530 a multiple of 30?
True
Does 170 divide 471037?
False
Is 9 a factor of 239997?
False
Is 54 a factor of 22426956?
True
Is 64 a factor of 1774664?
False
Is 114 a factor of 11825106?
True
Is 422 a factor of 10550?
True
Does 542 divide 698638?
True
Is 20 a factor of 340233?
False
Does 43 divide 122917?
False
Is 7 a factor of 55755?
True
Is 209 a factor of 69597?
True
Is 40077 a multiple of 23?
False
Is 1088816 a multiple of 425?
False
Does 6 divide 105504?
True
Is 410 a factor of 340300?
True
Is 2 a factor of 10004?
True
Is 113610 a multiple of 105?
True
Does 55 divide 2182785?
True
Is 2 a factor of 65536?
True
Is 2754782 a multiple of 15?
False
Does 44 divide 198748?
True
Is 5936201 a multiple of 10?
False
Does 18 divide 2244564?
True
Is 2359390 a multiple of 89?
True
Is 478 a factor of 967333?
False
Is 288 a factor of 285984?
True
Is 16 a factor of 697456?
True
Is 767041 a multiple of 103?
True
Does 30 divide 4085216?
False
Is 167355 a multiple of 55?
False
Does 113 divide 1825402?
True
Is 1417579 a multiple of 400?
False
Does 775 divide 4787950?
True
Is 2490118 a multiple of 20?
False
Is 2140 a multiple of 10?
True
Does 62 divide 1627135?
False
Is 328032 a multiple of 32?
True
Does 32 divide 37312?
True
Is 12 a factor of 108169?
False
Does 1236 divide 4395414?
False
Does 109 divide 14094397?
False
Does 30 divide 76260?
True
Does 2 divide 78262?
True
Does 740 divide 126540?
True
Does 15 divide 295860?
True
Does 20 divide 72283?
False
Is 2 a factor of 14568?
True
Does 49 divide 31197300?
False
Does 78 divide 888464?
False
Is 32 a factor of 48544?
True
Does 56 divide 16367344?
True
Does 243 divide 663955?
False
Is 161374 a multiple of 111?
False
Does 9 divide 137336?
False
Does 1395 divide 2641488?
False
Is 289 a factor of 42652?
False
Is 79560 a multiple of 22?
False
Does 287 divide 318857?
True
Is 2235040 a multiple of 2?
True
Does 82 divide 1157047?
False
Is 624 a factor of 7123168?
False
Does 99 divide 25172876?
False
Does 46 divide 6579748?
True
Is 402782 a multiple of 74?
True
Does 1106 divide 1651258?
True
Is 1608831 a multiple of 7?
True
Is 652800 a multiple of 400?
True
Does 2 divide 467832?
True
Is 379018 a multiple of 91?
False
Is 75 a factor of 1844625?
True
Is 185885 a multiple of 475?
False
Is 692763 a multiple of 159?
True
Is 117 a factor of 1388673?
True
Is 3 a factor of 6684?
True
Does 70 divide 556150?
True
Is 128625 a multiple of 125?
True
Is 11331774 a multiple of 18?
True
Is 17 a factor of 2258824?
True
Is 210223 a multiple of 2?
False
Does 25 divide 61175?
True
Is 280 a factor of 1376242?
False
Is 13445365 a multiple of 38?
False
Does 7 divide 25402?
False
Is 36 a factor of 354249?
False
Is 233752 a multiple of 118?
False
Is 1055148 a multiple of 276?
True
Is 205275 a multiple of 17?
True
Is 1215 a factor of 6404693?
False
Does 7 divide 2202346?
False
Is 30 a factor of 2173186?
False
Is 4 a factor of 2248757?
False
Does 15 divide 166033?
False
Does 465 divide 5554425?
True
Is 2230740 a multiple of 729?
True
Does 105 divide 278620?
False
Is 27484 a multiple of 2?
True
Does 30 divide 6508950?
True
Is 32 a factor of 2359830?
False
Does 2 divide 24583?
False
Is 50 a factor of 3040110?
False
Is 24870 a multiple of 15?
True
Does 10 divide 11940146?
False
Is 23 a factor of 166796?
True
Is 419 a factor of 4108295?
True
Is 906347 a multiple of 13?
True
Does 14 divide 167478?
False
Is 12 a factor of 11412168?
True
Does 768 divide 7400015?
False
Is 2 a factor of 5060960?
True
Does 32 divide 111168?
True
Is 39 a factor of 2476134?
False
Is 644560 a multiple of 304?
False
Is 567 a factor of 154367?
False
Is 727 a factor of 5353628?
True
Does 72 divide 1450008?
True
Is 21 a factor of 3661969?
False
Does 4 divide 1461260?
True
Is 332785 a multiple of 16?
False
Is 28 a factor of 90181?
False
Is 104923 a multiple of 115?
False
Does 687 divide 325638?
True
Is 23 a factor of 1095191?
True
Does 265 divide 1358629?
False
Is 10 a factor of 886985?
False
Is 107 a factor of 119343?
False
Is 6 a factor of 253764?
True
Is 410 a factor of 2467866?
False
Does 712 divide 4935584?
True
Is 342586 a multiple of 332?
False
Is 175764 a multiple of 604?
True
Is 310270 a multiple of 95?
True
Does 1976 divide 24986520?
True
Is 18 a factor of 434956?
False
Does 207 divide 14904?
True
Does 8 divide 83194?
False
Is 1651274 a multiple of 635?
False
Is 635049 a multiple of 9?
True
Is 23 a factor of 352682?
True
Does 10 divide 1540154?
False
Is 866088 a multiple of 523?
True
Does 13 divide 521093?
False
Is 27 a factor of 1940?
False
Is 101016 a multiple of 61?
True
Does 371 divide 5182907?
False
Does 64 divide 506304?
True
Does 311 divide 728912?
False
Is 169 a factor of 166634?
True
Is 10450 a multiple of 25?
True
Is 180 a factor of 2414742?
False
Does 50 divide 47724?
False
Does 198 divide 1461863?
False
Is 15 a factor of 3948285?
True
Is 71 a factor of 8861047?
False
Does 9 divide 1067873?
False
Is 57833 a multiple of 2?
False
Is 37 a factor of 293743?
True
Is 2286740 a multiple of 860?
True
Is 240195 a multiple of 67?
True
Is 105094 a multiple of 11?
True
Does 88 divide 370744?
True
Is 6 a factor of 282658?
False
Is 205936 a multiple of 8?
True
Does 295 divide 1274768?
False
Is 36 a factor of 1212524?
False
Does 195 divide 108811?
False
Does 48 divide 860112?
True
Is 1371105 a multiple of 14?
False
Is 203 a factor of 4191950?
True
Is 72 a factor of 2949926?
False
Does 188 divide 2315784?
True
Is 6 a factor of 35388?
True
Is 12 a factor of 287362?
False
Does 20 divide 617530?
False
Is 41 a factor of 128895?
False
Does 372 divide 563852?
False
Is 8 a factor of 258408?
True
Is 255398 a multiple of 47?
True
Is 9838 a multiple of 202?
False
Is 877904 a multiple of 25?
False
Does 22 divide 407242?
True
Is 1226826 even?
True
Is 8681392 a multiple of 45?
False
Does 12 divide 284785?
False
Is 72167 a multiple of 16?
False
Does 824 divide 4857392?
False
Does 13 divide 3330540?
False
Does 5 divide 9795080?
True
Is 3656241 a multiple of 207?
True
Is 16 a factor of 61743?
False
Is 184522 a multiple of 62?
False
Is 182 a factor of 4406038?
True
Is 331058 a multiple of 53?
False
Is 